{"id":231,"date":"2021-03-07T08:49:15","date_gmt":"2021-03-07T07:49:15","guid":{"rendered":"http:\/\/empirische-polizeiforschung.de\/wp\/?page_id=231"},"modified":"2021-03-07T09:06:50","modified_gmt":"2021-03-07T08:06:50","slug":"hans-joachim-asmus","status":"publish","type":"page","link":"https:\/\/empirische-polizeiforschung.de\/wp\/hans-joachim-asmus\/","title":{"rendered":"Hans-Joachim Asmus"},"content":{"rendered":"\n<h1 class=\"wp-block-heading\" id=\"a2\">Prof. Dr. Hans-Joachim Asmus<\/h1>\n\n\n\n<p><br>\u2020 20.12.2020<\/p>\n\n\n\n<div class=\"wp-block-image\"><figure class=\"aligncenter size-large is-resized\"><img loading=\"lazy\" decoding=\"async\" src=\"https:\/\/empirische-polizeiforschung.de\/wp\/wp-content\/uploads\/2021\/02\/Asmus4.jpg\" alt=\"\" class=\"wp-image-7\" width=\"165\" height=\"215\"\/><\/figure><\/div>\n\n\n\n<p><a href=\"https:\/\/empirische-polizeiforschung.de\/wp\/wp-admin\/post.php?post=239&amp;action=edit\" data-type=\"URL\">Nachruf<\/a><\/p>\n\n\n\n<p>Studium der Soziologie, Sozialpsychologie, Politik und P\u00e4dagogik an der Universit\u00e4t Frankfurt am Main&nbsp;<\/p>\n\n\n\n<p>Promotion zum Dr. phil. an der Universit\u00e4t in G\u00f6ttingen&nbsp;<\/p>\n\n\n\n<p>Wissenschaftlicher Mitarbeiter im Fach Soziologie an der P\u00e4dagogischen Hochschule in G\u00f6ttingen&nbsp;<\/p>\n\n\n\n<p>Wissenschaftlicher Mitarbeiter am Soziologischen Institut der Universit\u00e4t T\u00fcbingen&nbsp;<\/p>\n\n\n\n<p>Langj\u00e4hrige nebenberufliche Lehrkraft an der Berufsakademie in Baden-W\u00fcrttemberg&nbsp;<\/p>\n\n\n\n<p>Ehemaliger Leiter der Fachgruppe Sozialwissenschaften und Interimsrektor an der Fachhochschule der Polizei Sachsen-Anhalt<\/p>\n\n\n\n<h2 class=\"wp-block-heading\" id=\"a3\">Wichtige Ver\u00f6ffentlichungen<\/h2>\n\n\n\n<ul class=\"wp-block-list\"><li>Professionalisierung der Polizei?. In: H. Gro\u00df, P. Schmidt (Hrsg.): Empirische Polizeiforschung XIII: Polizei: Job, Beruf oder Profession? Verlag f\u00fcr Polizeiwissenschaft, Frankfurt a. M. 2011, S. 5 &#8211; 22<\/li><li>Wie viel Wissenschaft braucht \u2013 wie viel vertr\u00e4gt die polizeiliche Praxis. In: Th. Enke, S. Kirchhoff (Hrsg.): Theorie und Praxis polizeilichen Handelns. Wie viel Wissenschaft braucht die Polizei. Verlag f\u00fcr Polizeiwissenschaft, Frankfurt a. M. 2012, S. 41 -52<\/li><li>zusammen mit Thomas Enke: Der Umgang der Polizei mit migrantischen Opfern &#8211; Eine qualitative Untersuchung. Springer VS, Wiesbaden 2015<\/li><li>zusammen mit Thomas Enke: Interkulturelle Qualifizierung von Polizeibediensteten. In: SIAK-Journal, 2017, Ausgabe 1, S. 61 -75<\/li><li>zusammen mit Thomas Enke: Polizeiliche Unsensibilit\u00e4t oder Fremdenfeindlichkeit im Umgang mit migrantischen Opfern. Unsere Untersuchung revisited. In: Karlhans Liebl (Hrsg.): Empirische Polizeiforschung XX: Polizei und Minderheiten, Verlag f\u00fcr Polizeiwissenschaft, Frankfurt a. M. 2017, S. 1-15<\/li><li>zusammen mit Thomas Enke: Der Umgang der Polizei mit migrantischen Opfern \u2013 ein Seismograph f\u00fcr rechtsstaatliches Handeln. In: M. H. W. M\u00f6llers &amp; R. Chr. van Ooyen (Hrsg.): Jahrbuch \u00d6ffentliche Sicherheit 2016 \/ 2017; Nomos und Verlag f\u00fcr Polizeiwissenschaft, Frankfurt a. M. 2017, S. 449 \u2013 469<\/li><li>Die Verwissenschaftlichung der Polizeiausbildung. In: In: Sandra Schmidt et al. (Hrsg.): Festschrift zum 20-j\u00e4hrigen Bestehen der Fachhochschule Polizei Sachsen-Anhalt. Reflexionen und Visionen. Beitr\u00e4ge zur Entwicklung der Polizei. Frankfurt a. M. 2017, S. 25 &#8211; 48<\/li><li>Die klassischen Anomietheorien und ihr Beitrag zur Erkl\u00e4rung von Jugendkriminalit\u00e4t. In: B. Frevel u.a.: Facetten der Polizei- und Kriminalit\u00e4tsforschung. Festschrift f\u00fcr Karlhans Liebl. Frankfurt a. M. 2017, S. 13 \u2013 42<br>Der systemtheoretische Kulturbegriff als Beschreibung und Analyse des Umgangs der Polizei mit Migranten. In: Polizei &amp; Wissenschaft 2017, 4, S. 49-62<\/li><li>zusammen mit Thomas Enke: Intercultural Qualification of Police Officers. In: Siak Journal, International Edition, Vol 8, 2018, p. 14 &#8211; 26<\/li><li>Herausforderungen an die Polizei in der n\u00e4chsten Dekade, in: Eberhard K\u00fchne (Hrsg.), Die Zukunft der Polizeiarbeit \u2013 die Polizeiarbeit der Zukunft. Festschrift aus Anlass des 25. Jahrestags der Hochschule der S\u00e4chsischen Polizei Teil 1, Rothenburger Beitr\u00e4ge Band 100, Rothenburg\/Oberlausitz 2019, S. 23-39<\/li><\/ul>\n","protected":false},"excerpt":{"rendered":"<p>Prof. Dr. Hans-Joachim Asmus \u2020 20.12.2020 Nachruf Studium der Soziologie, Sozialpsychologie, Politik und P\u00e4dagogik an der Universit\u00e4t Frankfurt am Main&nbsp; Promotion zum Dr. phil. an der Universit\u00e4t in G\u00f6ttingen&nbsp; Wissenschaftlicher Mitarbeiter im Fach Soziologie an der P\u00e4dagogischen Hochschule in G\u00f6ttingen&nbsp; Wissenschaftlicher Mitarbeiter am Soziologischen Institut der Universit\u00e4t T\u00fcbingen&nbsp; Langj\u00e4hrige nebenberufliche Lehrkraft an der Berufsakademie in &hellip; <a href=\"https:\/\/empirische-polizeiforschung.de\/wp\/hans-joachim-asmus\/\" class=\"more-link\"><span class=\"screen-reader-text\">&#8222;Hans-Joachim Asmus&#8220; <\/span>weiterlesen<\/a><\/p>\n","protected":false},"author":2,"featured_media":0,"parent":0,"menu_order":0,"comment_status":"closed","ping_status":"closed","template":"","meta":{"footnotes":""},"class_list":["post-231","page","type-page","status-publish","hentry"],"_links":{"self":[{"href":"https:\/\/empirische-polizeiforschung.de\/wp\/wp-json\/wp\/v2\/pages\/231","targetHints":{"allow":["GET"]}}],"collection":[{"href":"https:\/\/empirische-polizeiforschung.de\/wp\/wp-json\/wp\/v2\/pages"}],"about":[{"href":"https:\/\/empirische-polizeiforschung.de\/wp\/wp-json\/wp\/v2\/types\/page"}],"author":[{"embeddable":true,"href":"https:\/\/empirische-polizeiforschung.de\/wp\/wp-json\/wp\/v2\/users\/2"}],"replies":[{"embeddable":true,"href":"https:\/\/empirische-polizeiforschung.de\/wp\/wp-json\/wp\/v2\/comments?post=231"}],"version-history":[{"count":4,"href":"https:\/\/empirische-polizeiforschung.de\/wp\/wp-json\/wp\/v2\/pages\/231\/revisions"}],"predecessor-version":[{"id":244,"href":"https:\/\/empirische-polizeiforschung.de\/wp\/wp-json\/wp\/v2\/pages\/231\/revisions\/244"}],"wp:attachment":[{"href":"https:\/\/empirische-polizeiforschung.de\/wp\/wp-json\/wp\/v2\/media?parent=231"}],"curies":[{"name":"wp","href":"https:\/\/api.w.org\/{rel}","templated":true}]}}

<h1 class="wp-block-heading" id="a2">Prof. Dr. Hans-Joachim Asmus</h1>



<p><br>† 20.12.2020</p>



<div class="wp-block-image"><figure class="aligncenter size-large is-resized"><img loading="lazy" decoding="async" src="https://empirische-polizeiforschung.de/wp/wp-content/uploads/2021/02/Asmus4.jpg" alt="" class="wp-image-7" width="165" height="215"/></figure></div>



<p><a href="https://empirische-polizeiforschung.de/wp/wp-admin/post.php?post=239&amp;action=edit" data-type="URL">Nachruf</a></p>



<p>Studium der Soziologie, Sozialpsychologie, Politik und Pädagogik an der Universität Frankfurt am Main&nbsp;</p>



<p>Promotion zum Dr. phil. an der Universität in Göttingen&nbsp;</p>



<p>Wissenschaftlicher Mitarbeiter im Fach Soziologie an der Pädagogischen Hochschule in Göttingen&nbsp;</p>



<p>Wissenschaftlicher Mitarbeiter am Soziologischen Institut der Universität Tübingen&nbsp;</p>



<p>Langjährige nebenberufliche Lehrkraft an der Berufsakademie in Baden-Württemberg&nbsp;</p>



<p>Ehemaliger Leiter der Fachgruppe Sozialwissenschaften und Interimsrektor an der Fachhochschule der Polizei Sachsen-Anhalt</p>



<h2 class="wp-block-heading" id="a3">Wichtige Veröffentlichungen</h2>



<ul class="wp-block-list"><li>Professionalisierung der Polizei?. In: H. Groß, P. Schmidt (Hrsg.): Empirische Polizeiforschung XIII: Polizei: Job, Beruf oder Profession? Verlag für Polizeiwissenschaft, Frankfurt a. M. 2011, S. 5 &#8211; 22</li><li>Wie viel Wissenschaft braucht – wie viel verträgt die polizeiliche Praxis. In: Th. Enke, S. Kirchhoff (Hrsg.): Theorie und Praxis polizeilichen Handelns. Wie viel Wissenschaft braucht die Polizei. Verlag für Polizeiwissenschaft, Frankfurt a. M. 2012, S. 41 -52</li><li>zusammen mit Thomas Enke: Der Umgang der Polizei mit migrantischen Opfern &#8211; Eine qualitative Untersuchung. Springer VS, Wiesbaden 2015</li><li>zusammen mit Thomas Enke: Interkulturelle Qualifizierung von Polizeibediensteten. In: SIAK-Journal, 2017, Ausgabe 1, S. 61 -75</li><li>zusammen mit Thomas Enke: Polizeiliche Unsensibilität oder Fremdenfeindlichkeit im Umgang mit migrantischen Opfern. Unsere Untersuchung revisited. In: Karlhans Liebl (Hrsg.): Empirische Polizeiforschung XX: Polizei und Minderheiten, Verlag für Polizeiwissenschaft, Frankfurt a. M. 2017, S. 1-15</li><li>zusammen mit Thomas Enke: Der Umgang der Polizei mit migrantischen Opfern – ein Seismograph für rechtsstaatliches Handeln. In: M. H. W. Möllers &amp; R. Chr. van Ooyen (Hrsg.): Jahrbuch Öffentliche Sicherheit 2016 / 2017; Nomos und Verlag für Polizeiwissenschaft, Frankfurt a. M. 2017, S. 449 – 469</li><li>Die Verwissenschaftlichung der Polizeiausbildung. In: In: Sandra Schmidt et al. (Hrsg.): Festschrift zum 20-jährigen Bestehen der Fachhochschule Polizei Sachsen-Anhalt. Reflexionen und Visionen. Beiträge zur Entwicklung der Polizei. Frankfurt a. M. 2017, S. 25 &#8211; 48</li><li>Die klassischen Anomietheorien und ihr Beitrag zur Erklärung von Jugendkriminalität. In: B. Frevel u.a.: Facetten der Polizei- und Kriminalitätsforschung. Festschrift für Karlhans Liebl. Frankfurt a. M. 2017, S. 13 – 42<br>Der systemtheoretische Kulturbegriff als Beschreibung und Analyse des Umgangs der Polizei mit Migranten. In: Polizei &amp; Wissenschaft 2017, 4, S. 49-62</li><li>zusammen mit Thomas Enke: Intercultural Qualification of Police Officers. In: Siak Journal, International Edition, Vol 8, 2018, p. 14 &#8211; 26</li><li>Herausforderungen an die Polizei in der nächsten Dekade, in: Eberhard Kühne (Hrsg.), Die Zukunft der Polizeiarbeit – die Polizeiarbeit der Zukunft. Festschrift aus Anlass des 25. Jahrestags der Hochschule der Sächsischen Polizei Teil 1, Rothenburger Beiträge Band 100, Rothenburg/Oberlausitz 2019, S. 23-39</li></ul>

<p>Prof. Dr. Hans-Joachim Asmus † 20.12.2020 Nachruf Studium der Soziologie, Sozialpsychologie, Politik und Pädagogik an der Universität Frankfurt am Main&nbsp; Promotion zum Dr. phil. an der Universität in Göttingen&nbsp; Wissenschaftlicher Mitarbeiter im Fach Soziologie an der Pädagogischen Hochschule in Göttingen&nbsp; Wissenschaftlicher Mitarbeiter am Soziologischen Institut der Universität Tübingen&nbsp; Langjährige nebenberufliche Lehrkraft an der Berufsakademie in &hellip; <a href="https://empirische-polizeiforschung.de/wp/hans-joachim-asmus/" class="more-link"><span class="screen-reader-text">&#8222;Hans-Joachim Asmus&#8220; </span>weiterlesen</a></p>
